 -801 + 822. Calculate the remainder when 2603 is divided by g.
20
What is the remainder when 8925 is divided by 8*10/30*6/4 - -182?
183
Suppose -24982 = -33*s - 2*s + 10193. What is the remainder when s is divided by 64?
45
Suppose 0 = -5*z - 5*v + 26325, 4*z - v - 24697 = -3597. Calculate the remainder when z is divided by 1318.
1
Suppose 5*c = 10, 5*n = -2*c + 42 + 87. Let p(t) = -16 - 3*t**2 - 3*t**2 - 11*t**2 + t**3 - 9*t**2 + 27*t. What is the remainder when 96 is divided by p(n)?
28
Let n be 15*(-682)/(-34) + (-2)/(-17). Suppose 6*m - 299 - n = 0. Calculate the remainder when m is divided by 17.
15
Let p(u) = 28*u + 33. Suppose f + 67 = 3*i, 0*i = -4*f - 2*i - 198. Calculate the remainder when (f/(-6))/((-3)/(-45)) is divided by p(0).
31
Let v = -2459 + 2560. What is the remainder when v is divided by 35?
31
Let d = -35 - -39. Suppose 6*t - 24 = -d*v + 2*t, -14 = -3*v - 2*t. Suppose 0 = 7*j - v*j - 50. What is the remainder when 29 is divided by j?
9
Let c = 37 - 25. Let h(a) be the first derivative of -a**3/3 + 21*a**2/2 + 79*a + 202. What is the remainder when h(23) is divided by c?
9
Suppose 228 - 256 = -y + 2*f, -5*y + 4*f = -176. What is the remainder when 1759 is divided by y?
39
Let a = 14288 - 13749. Calculate the remainder when a is divided by 134.
3
Let b = -65 + 65. Suppose -2*i = 4*z - 128, 0*i + 5*i + 5*z - 315 = b. Suppose 0*t = 3*t - 39. Calculate the remainder when i is divided by t.
10
Let t = -126 + 182. Let d = t + -51. Suppose 49 = z - d*o - 45, 2*o = z - 103. Calculate the remainder when z is divided by 28.
25
Let u = -8308 - -8991. Calculate the remainder when 1376 is divided by u.
10
Let a(v) = 91*v. Calculate the remainder when a(2) is divided by 63 + ((9 - 7)*-6)/2.
11
Let g = -20056 - -20728. What is the remainder when g is divided by 69?
51
Let w(l) = l**3 + 7*l**2 - 6*l - 9. Let k(j) = 4*j. Let b be k(11). Suppose -2*p - 34 = -b. What is the remainder when w(-6) is divided by p?
3
Let y = 89 - 396. Let v = -304 - y. Suppose 0 = k + 1 + 3, 4*k = -d - 1. What is the remainder when d is divided by v?
0
Let m = -369 - -2227. Calculate the remainder when m is divided by 19.
15
Calculate the remainder when (-1378 + 1451)/((1 + -3)*(-3)/42) is divided by 176.
159
Let r(x) = 7*x + 133. Let f be r(-22). Let u(w) = -19*w - 356. What is the remainder when 170 is divided by u(f)?
41
Suppose d = 5*a + 82, -d = 2*a + 27 - 67. What is the remainder when 197 is divided by d?
41
Let n = -23 - -678. What is the remainder when n is divided by 46?
11
Suppose -3*t + 12 = -4*b + 2*b, 0 = -5*t + 3*b + 21. Suppose 5640 = -t*l + l. Calculate the remainder when (-8)/6*l/16 is divided by 16.
14
Suppose 28 = 12*z - 116. Suppose -3*p = -z + 66. Calculate the remainder when 523/6 - (-3)/p is divided by 18.
15
What is the remainder when 10399 - (-127 - -128)*(-3)/1 is divided by 204?
202
Let s(z) = 52*z - 11. Let o be s(4). Let y = o + -158. Suppose 4*w - m = 82, 0 = 3*w + m + 2*m - 69. Calculate the remainder when y is divided by w.
18
Let j(i) = 2*i**2 - 125*i - 39. Calculate the remainder when j(-53) is divided by 34.
32
Suppose -33 = -a - y, 3*a - y + 63 = 178. Suppose 2*z - 70 = -4*c + 4*z, 3*z + 25 = 2*c. Calculate the remainder when a is divided by c.
17
Let o(w) = 6*w + 16. Let a be o(8). Let c be (48/a)/((-3)/(-8)). Suppose 2*x = 5*u - 26, -3*u - 6*x + c*x = 0. What is the remainder when u is divided by 2?
0
Let l = -1936 - -1987. What is the remainder when 190 is divided by l?
37
Suppose 0 = -2*d + 2*o + 412, d + 0*d - 3*o = 196. Suppose -2*w = 5*l - 147, -2*w - 3 = -l - 144. Calculate the remainder when d is divided by w.
69
Calculate the remainder when 249 is divided by 22/121 + 3830/110.
4
Let m(r) = 1331*r - 73203. What is the remainder when 3/(0 - 2/(-6)) is divided by m(55)?
1
What is the remainder when 146 is divided by (22 + -21)/(2 - -3) + (-44)/(-5)?
2
Suppose 11 = -12*a + 163 + 184. What is the remainder when 2183 is divided by a?
27
Calculate the remainder when 2 + 5530 - (-24 + -1 + 16) is divided by 22.
19
Let y(d) be the third derivative of 3*d**4/8 - 5*d**3/6 - d**2. What is the remainder when 319 is divided by y(5)?
39
Let f = -112 - -107. Let q(u) = -u + 15. Calculate the remainder when (60 - -1) + 6/(-3) is divided by q(f).
19
Let f(j) = -1623*j + 9411. What is the remainder when 1301 is divided by f(5)?
5
Let m(p) = 2*p**2 + 10*p + 50. Calculate the remainder when (-1 - 339)/(-4) - (-3 - -5) is divided by m(-4).
41
Calculate the remainder when (-3*(-8)/(-6))/(13/(-390)) is divided by 29.
4
Let w = 7 + 3. Calculate the remainder when 690/8 + (-11)/44 is divided by (-47)/(-2) - 15/w.
20
Let k(q) = q**3 - 15*q**2 - 18*q + 30. Let y be k(16). Calculate the remainder when (266/28 + 8/y)*58 is divided by 80.
79
Let w = 35 + -38. Let p(v) = -22*v - 8. Let k be p(w). Suppose 5*y - k = 2. Calculate the remainder when 58 is divided by y.
10
Let c = 461 - 95. Let h = c - 236. What is the remainder when h is divided by 7?
4
Let z = 49 + -20. Suppose o + 5*k - 285 = 0, 0*o - 5*k - 775 = -3*o. Let a = o - 184. What is the remainder when a is divided by z?
23
Suppose 5*c + 3*q - 129 = -9, -24 = -c + 3*q. Suppose -c*b = -1362 - 174. Calculate the remainder when b is divided by 7.
1
Suppose 9*c + 2*c + 1430 = 0. Let f = c - -132. Suppose -f*q - 4*t = -7 - 63, -2*q + t + 45 = 0. What is the remainder when 46 is divided by q?
21
Suppose 0*f - 3*t = 2*f - 8, 0 = -4*t. Suppose -z = -f*o - 39, 5*z + 3*o = 8*o + 225. Suppose 50 = 3*p + 2*p. What is the remainder when z is divided by p?
7
Suppose 0 = 108*t - 101014 + 790. What is the remainder when t is divided by 33?
4
Suppose 12*l + 70 - 198 = 172. Calculate the remainder when 999 is divided by l.
24
Let f(d) = -d**3 + 61*d**2 - 440*d + 21. Calculate the remainder when f(52) is divided by 5.
2
Let o = 3888 - 3410. What is the remainder when o is divided by 78?
10
What is the remainder when 6271 is divided by (798/(-665))/(1/170*-4)?
49
Let q be 54 - (-1)/2*0. Let d(b) = b**3 + 13*b**2 + 29*b - 86. Let f be d(-7). Suppose f*i = 56 + q. Calculate the remainder when i is divided by 13.
9
Suppose -4*b + 272 = -0*b. Let j(i) = -i**2 - 3*i + 491. Calculate the remainder when b is divided by j(-23).
6
Suppose -4*n = 6*n + 22*n - 1440. Calculate the remainder when 134 is divided by n.
44
What is the remainder when 198 is divided by (-2405)/(-78) - ((-2)/16)/(24/32)?
12
Let o(y) = -y**3 + 2*y**2 + 94*y + 54. What is the remainder when 2027 is divided by o(9)?
29
Let c be 1/(4/(-7620)*-5). Let n = -336 + c. Calculate the remainder when n is divided by 36.
9
Let y = -27820 - -27849. Calculate the remainder when 251 is divided by y.
19
Let s(h) = h**3 - 4*h**2 + 2*h + 1. Let b = -61 - -63. Let a be s(b). Let c(j) = 3*j**2 + 2*j - 6. Calculate the remainder when 27 is divided by c(a).
12
Let t = 105 + -102. Suppose -3*g + 37 = -4*x, t*g + 81 = 7*g + x. Calculate the remainder when 53 is divided by g.
15
Suppose -43*v = -60*v + 100 + 104. Calculate the remainder when 69 is divided by v.
9
Let t(o) = -o**2 + 13*o + 15. Suppose -7*m + 126 = 2*m. Let s be t(m). Calculate the remainder when 33 is divided by s*(-17)/(-2 - -1).
16
Let l(f) = -f**3 - 14*f**2 - 337. What is the remainder when 1010 is divided by l(-16)?
135
Suppose 0 = -519*x + 516*x + 624. Suppose 214*o - 2478 = x*o. Calculate the remainder when o is divided by 32.
29
Suppose 950 = -8*p + 46*p. Suppose -d = d - 2. What is the remainder when 26 is divided by (-3)/d*p/(-5)?
11
Let b = 24 + -5. Suppose -f + 28*k = 24*k - 40, -2*f - 3*k = -69. Calculate the remainder when f is divided by b.
17
Suppose 0*w - 82 = -4*w - 2*p, w - 5*p = 48. Calculate the remainder when (11 - (-113)/1017)*(-9)/(-2) is divided by w.
4
Suppose -53 - 507 = -8*r. What is the remainder when 169 is divided by (1/(-5) - 0) + 4984/r?
27
Suppose 2587 - 841 = 9*l. Let u = -161 + l. Calculate the remainder when 1/(-3) + 974/6 is divided by u.
30
Let l(q) = 39*q - 1. Suppose -3*i = -3*x - 3, x + 4*i = -4*x + 31. Suppose x*z - z = 80. Calculate the remainder when l(2) is divided by z.
37
Suppose -7*g + 123 - 102 = 0. Suppose -7*j + v + 59 = -4*j, -g*v + 96 = 4*j. What is the remainder when j is divided by 4?
1
Let n = -156 - -149. Calculate the remainder when 125 is di